011 (base 2) to base 3.
-112221
What is -4054 (base 6) in base 12?
-62a
Convert 50141 (base 6) to base 14.
2553
Convert -1d0 (base 15) to base 16.
-1a4
Convert 12014 (base 8) to base 13.
244a
What is -322020 (base 5) in base 6?
-122221
Convert -85c6 (base 14) to base 6.
-254550
Convert -2433 (base 5) to base 16.
-170
Convert -7952 (base 10) to base 8.
-17420
101302 (base 4) to base 15
50d
Convert 5444 (base 7) to base 9.
2588
What is 638 (base 9) in base 6?
2225
Convert -11222 (base 5) to base 7.
-2240
Convert 114225 (base 6) to base 13.
4742
406 (base 8) to base 2
100000110
18a (base 11) to base 3
22010
-22320 (base 6) to base 15
-de9
-110001001010 (base 2) to base 9
-4275
What is -110011 (base 2) in base 11?
-47
What is a42d (base 16) in base 15?
c6be
Convert 897 (base 12) to base 15.
597
Convert -1242442 (base 5) to base 12.
-123a3
What is -12871 (base 10) in base 8?
-31107
Convert -cc1 (base 16) to base 3.
-11110221
6263 (base 14) to base 9
25215
Convert -15865 (base 11) to base 8.
-53477
What is -212011 (base 3) in base 11?
-519
-3011 (base 5) to base 4
-11331
Convert 7100 (base 8) to base 9.
5003
What is -c4d (base 14) in base 3?
-10022200
-2310 (base 4) to base 9
-220
-4 (base 14) to base 15
-4
bb7 (base 12) to base 6
11551
Convert 22b8 (base 12) to base 13.
19ca
What is 134577 (base 8) in base 2?
1011100101111111
-2033 (base 14) to base 8
-12635
-4132 (base 5) to base 10
-542
Convert -11010201 (base 3) to base 12.
-18b4
What is -101010110001 (base 2) in base 12?
-1701
What is 30311 (base 7) in base 10?
7358
Convert -1317 (base 11) to base 14.
-8a4
Convert -210401 (base 5) to base 13.
-3238
What is 7b (base 14) in base 12?
91
Convert 111201 (base 5) to base 8.
7526
What is -1123 (base 4) in base 12?
-77
-230232 (base 6) to base 3
-222210102
Convert -264 (base 15) to base 8.
-1040
4110 (base 8) to base 5
31440
10131 (base 5) to base 3
220200
Convert 789a (base 12) to base 11.
a051
Convert 1935b (base 13) to base 14.
13b81
What is 23a9 (base 14) in base 4?
1201101
What is -47a8 (base 11) in base 2?
-1100010010001
What is 13300 (base 4) in base 6?
2144
Convert -5494 (base 13) to base 11.
-8941
Convert 52056 (base 8) to base 5.
1142200
Convert 11545 (base 6) to base 7.
5006
What is -1423341 (base 5) in base 16?
-7496
Convert 1320111 (base 4) to base 11.
5871
-12010210 (base 4) to base 14
-90c4
What is 7012 (base 13) in base 7?
62611
What is -10101101010000 (base 2) in base 5?
-323323
Convert 113 (base 13) to base 12.
135
What is 5415 (base 10) in base 15?
1910
What is -bee (base 16) in base 9?
-4163
What is -5747 (base 10) in base 12?
-33ab
-1101011110011 (base 2) to base 8
-15363
14002 (base 7) to base 5
110100
Convert -8619 (base 11) to base 13.
-5256
Convert -4373 (base 9) to base 14.
-1265
What is -10d (base 14) in base 5?
-1314
822 (base 16) to base 7
6033
6677 (base 11) to base 4
2021130
Convert -331 (base 6) to base 12.
-a7
Convert -4a6 (base 14) to base 2.
-1110100010
Convert 1c4 (base 14) to base 16.
170
What is -4244 (base 8) in base 10?
-2212
What is -245327 (base 8) in base 4?
-110223113
Convert 12132 (base 9) to base 2.
1111111000001
689 (base 15) to base 16
5c7
Convert -5667 (base 13) to base 10.
-12084
-10456 (base 7) to base 15
-bad
5485 (base 14) to base 11
aa92
Convert -25458 (base 9) to base 13.
-7a5a
Convert -5230 (base 8) to base 11.
-2046
Convert -321 (base 4) to base 15.
-3c
What is -111001010110001 (base 2) in base 4?
-13022301
What is -10001111 (base 2) in base 11?
-120
Convert -23133 (base 5) to base 3.
-2021210
What is -31120 (base 4) in base 16?
-358
Convert 6 (base 7) to base 4.
12
Convert -34 (base 6) to base 16.
-16
What is 4a (base 14) in base 15?
46
Convert 1110111100111 (base 2) to base 11.
582a
What is 488 (base 15) in base 12?
718
Convert -22664 (base 8) to base 9.
-14214
What is 11c (base 16) in base 13?
18b
What is 4995 (base 10) in base 2?
1001110000011
Convert -2b04 (base 15) to base 14.
-3513
What is -3244 (base 5) in base 2?
-111000001
What is 2210 (base 6) in base 12?
366
What is 6db (base 15) in base 10?
1556
Convert 36340 (base 8) to base 5.
444314
What is -1100100001 (base 2) in base 8?
-1441
Convert 43214 (base 5) to base 3.
11000200
Convert -241412 (base 6) to base 4.
-11021300
Convert 626 (base 7) to base 12.
222
4412 (base 5) to base 6
2451
Convert -1019 (base 13) to base 12.
-134b
Convert 86e (base 15) to base 16.
770
What is 10111011110100 (base 2) in base 14?
4548
-3010 (base 8) to base 9
-2105
What is -121312 (base 9) in base 12?
-36402
10570 (base 10) to base 5
314240
Convert 56 (base 10) to base 16.
38
Convert 42491 (base 10) to base 12.
2070b
What is 1103 (base 8) in base 5?
4304
What is -868 (base 14) in base 6?
-11404
-255 (base 14) to base 5
-3332
What is 2643 (base 10) in base 14?
d6b
What is 1405 (base 9) in base 5?
13213
What is -2888 (base 9) in base 4?
-202022
Convert -388 (base 14) to base 9.
-866
What is -11021 (base 5) in base 13?
-467
-11000001101 (base 2) to base 12
-a91
-29c (base 16) to base 9
-822
What is -2845 (base 9) in base 6?
-13535
What is 461 (base 16) in base 6?
5105
Convert -155603 (base 7) to base 4.
-13201220
What is -207d (base 15) in base 13?
-3184
Convert 132100 (base 5) to base 12.
3077
-664 (base 8) to base 11
-367
Convert 111111100100001 (base 2) to base 15.
999a
What is 2950 (base 11) in base 14?
155c
What is -375a (base 13) in base 4?
-1322221
Convert -2122 (base 5) to base 14.
-167
-11222 (base 5) to base 4
-30230
Convert -c72 (base 13) to base 11.
-1659
Convert 571 (base 9) to base 8.
725
10221211 (base 3) to base 9
3854
What is -313 (base 7) in base 4?
-2131
Convert -1000100010011101 (base 2) to base 5.
-2104343
What is 27328 (base 10) in base 14?
9d60
What is 34363 (base 7) in base 11?
6650
-1111101100 (base 2) to base 8
-1754
-404 (base 6) to base 11
-125
2120111021 (base 3) to base 12
25397
Convert -10252 (base 9) to base 5.
-204040
8706 (base 14) to base 11
1658a
What is 176a (base 11) in base 8?
4316
What is -48d (base 16) in base 8?
-2215
-202101 (base 5) to base 12
-393a
What is 24e (base 15) in base 13?
314
-68 (base 9) to base 2
-111110
441 (base 16) to base 7
3114
-9a98 (base 14) to base 9
-40666
What is 10210 (base 4) in base 16?
124
What is 7538 (base 9) in base 12?
325b
14002 (base 5) to base 15
502
-230a0 (base 11) to base 12
-173a1
What is -66 (base 13) in base 3?
-10010
Convert -10520 (base 6) to base 11.
-1133
What is -6037 (base 12) in base 8?
-24253
What is -104 (base 6) in base 11?
-37
What is 6061 (base 9) in base 11?
3367
What is -57043 (base 8) in base 14?
-8ad5
Convert 820c (base 14) to base 10.
22356
Convert -340 (base 8) to base 10.
-224
105315 (base 7) to base 15
5806
-8242 (base 10) to base 16
-2032
What is 10010010 (base 3) in base 11?
1785
Convert 22021011 (base 3) to base 4.
1132021
Convert -1100110000 (base 2) to base 10.
-816
7054 (base 9) to base 4
1100200
383 (base 10) to base 3
112012
Convert 19d7 (base 16) to base 13.
301b
Convert -3001020 (base 5) to base 9.
-71433
13171 (base 9) to base 6
105101
-349 (base 12) to base 4
-13221
-caa (base 14) to base 9
-3380
Convert -2012 (base 6) to base 13.
-27b
What is 126 (base 7) in base 4?
1011
2241 (base 7) to base 4
30231
Convert -163412 (base 7) to base 12.
-1693b
Convert -1d (base 15) to base 3.
-1001
-100231 (base 5) to base 4
-301313
Convert 17530 (base 9) to base 11.
90a7
Convert -211101 (base 3) to base 6.
-2444
-a25 (base 12) to base 4
-112331
Convert -24a (base 14) to base 2.
-111001010
What is -15651 (base 7) in base 8?
-10536
What is -14446 (base 9) in base 6?
-113323
What is -12401 (base 7) in base 2?
-110011010100
Convert 9b5 (base 15) to base 14.
b2b
What is 116 (base 14) in base 10?
216
Convert -2b99 (base 13) to base 8.
-14353
-7047 (base 14) to base 12
-b19b
What is 1 (base 14) in base 9?
1
-28314 (base 9) to base 16
-4b0a
Convert 6126 (base 15) to base 7.
113541
What is -1121 (base 5) in base 15?
-ab
What is -398c (base 13) in base 4?
-2000210
What is 3386 (base 9) in base 6?
15340
What is -85 (base 15) in base 7?
-236
What is -1322013 (base 4) in base 7?
-31533
What is -1703 (base 10) in base 3?
-2100002
Convert 111011110 (base 2) to base 5.
3403
What is -34 (base 16) in base 9?
-57
Convert 248 (base 9) to base 11.
178
What is 736c (base 13) in b